{"id":211,"date":"2018-01-22T14:11:12","date_gmt":"2018-01-22T14:11:12","guid":{"rendered":"http:\/\/yvan.ecarri.org\/?page_id=211"},"modified":"2018-01-22T14:11:12","modified_gmt":"2018-01-22T14:11:12","slug":"yvan-ecarri","status":"publish","type":"page","link":"https:\/\/yvan.ecarri.es\/index.php\/yvan-ecarri\/","title":{"rendered":"Yv\u00e1n Ecarri"},"content":{"rendered":"<p>Soy Yv\u00e1n Ecarri: Liberario, Ingeniero de Software.<\/p>\n<p>Actualmente, soy:<\/p>\n<ul>\n<li>Coordinador Internacional del <a href=\"https:\/\/www.facebook.com\/MovLibVzla\/\">Movimiento Libertario de Venezuela<\/a><\/li>\n<li>Miembro del <a href=\"https:\/\/www.facebook.com\/Orden-Natural-207791436072447\/\">Think Tank Orden Natural<\/a><\/li>\n<li>Fundador y Coordinador General del <a href=\"https:\/\/www.facebook.com\/groups\/grupo.lios\/\">Grupo por la <strong>L<\/strong>ibertad de <strong>I<\/strong>dentidad de G\u00e9nero y <strong>O<\/strong>rientaci\u00f3n Sexual (Grupo LIOS)<\/a><\/li>\n<li>Fundador y Director General de <a href=\"http:\/\/www.osoft.es\">oSOFT Ingenier\u00eda de Software<\/a><\/li>\n<\/ul>\n","protected":false},"excerpt":{"rendered":"<p>Soy Yv\u00e1n Ecarri: Liberario, Ingeniero de Software. Actualmente, soy: Coordinador Internacional del Movimiento Libertario de Venezuela Miembro del Think Tank Orden Natural Fundador y Coordinador General del Grupo por la Libertad de Identidad de G\u00e9nero y Orientaci\u00f3n Sexual (Grupo LIOS) Fundador y Director General de oSOFT Ingenier\u00eda de Software<\/p>\n","protected":false},"author":1,"featured_media":0,"parent":0,"menu_order":0,"comment_status":"closed","ping_status":"closed","template":"","meta":{"jetpack_post_was_ever_published":false,"footnotes":""},"class_list":["post-211","page","type-page","status-publish","hentry"],"jetpack_sharing_enabled":true,"jetpack_shortlink":"https:\/\/wp.me\/P7nu76-3p","jetpack-related-posts":[],"_links":{"self":[{"href":"https:\/\/yvan.ecarri.es\/index.php\/wp-json\/wp\/v2\/pages\/211","targetHints":{"allow":["GET"]}}],"collection":[{"href":"https:\/\/yvan.ecarri.es\/index.php\/wp-json\/wp\/v2\/pages"}],"about":[{"href":"https:\/\/yvan.ecarri.es\/index.php\/wp-json\/wp\/v2\/types\/page"}],"author":[{"embeddable":true,"href":"https:\/\/yvan.ecarri.es\/index.php\/wp-json\/wp\/v2\/users\/1"}],"replies":[{"embeddable":true,"href":"https:\/\/yvan.ecarri.es\/index.php\/wp-json\/wp\/v2\/comments?post=211"}],"version-history":[{"count":2,"href":"https:\/\/yvan.ecarri.es\/index.php\/wp-json\/wp\/v2\/pages\/211\/revisions"}],"predecessor-version":[{"id":1318,"href":"https:\/\/yvan.ecarri.es\/index.php\/wp-json\/wp\/v2\/pages\/211\/revisions\/1318"}],"wp:attachment":[{"href":"https:\/\/yvan.ecarri.es\/index.php\/wp-json\/wp\/v2\/media?parent=211"}],"curies":[{"name":"wp","href":"https:\/\/api.w.org\/{rel}","templated":true}]}}